he remainder when 28 is divided by w.
4
Suppose 3*u + 4*d - 24 = u, 0 = -3*u + 5*d + 58. Suppose u = 2*k - 42. Calculate the remainder when k is divided by 18.
11
Suppose -2*j + 82 = 2*w, 3*j - 11*w + 13*w - 119 = 0. Calculate the remainder when 76 is divided by j.
2
Let g = 307 + -190. What is the remainder when g is divided by 6?
3
Suppose -58*i - 69 = -59*i. Suppose -5*g = -0*g + 5*p - 105, 4*g + p = 81. What is the remainder when i is divided by g?
9
Let m(b) = -58*b**3 - 2*b**2 - 1 + 16*b**3 - b + 9*b**3. What is the remainder when m(-1) is divided by 8?
7
Let v(q) = 5*q + 7. Let u be (1 - 1/(-3))*69/46. Suppose 0 = -k + 2*k - 5. Calculate the remainder when v(u) is divided by k.
2
Suppose -3*t = 5*g + 82, 2*g + 36 = t - 3*t. Let f = 9 + 1. Calculate the remainder when 24/14*(-147)/g is divided by f.
8
Suppose 0 = 16*p - 40 - 120. Calculate the remainder when 94 is divided by p.
4
Suppose m - l - 62 = 3*l, 0 = 4*m - 4*l - 296. Calculate the remainder when 465 is divided by m.
75
Suppose 8*h = 3*h - 130. Let i = h - -33. What is the remainder when 10 is divided by i?
3
Let f = -5 + 10. Suppose -2*p = f*h - 97 - 31, 61 = p + h. Suppose 0 = -4*z + 2*j + 48, j = z - 0*z - 12. Calculate the remainder when p is divided by z.
11
Let p(y) = y**3 - 4*y**2 - 4*y + 6. Let q be p(5). Suppose -4*z + c + 10 = -c, -5*c - q = -3*z. What is the remainder when 12 is divided by z?
0
Let g = 1 + 17. Let w = 47 - g. Let j = w + -25. Calculate the remainder when 6 is divided by j.
2
Let z(t) = -t + 1. Let b be z(9). Let w = -6 - b. Suppose 0 = -f + 5*v + 14, 56 = w*f + 2*v + 2*v. Calculate the remainder when 46 is divided by f.
22
Suppose 9*i - 15 = -42. What is the remainder when 39 is divided by 2/(-6) + (-31)/i?
9
Suppose 0 = 5*p - 0 - 5, -4*p = -3*d + 17. Let o(b) = -4*b**3 + 3 + 5*b**3 + 4*b - 3*b. Calculate the remainder when o(3) is divided by d.
5
Let h = 133 + -2. Calculate the remainder when h is divided by 45.
41
Suppose -r + 131 = 3*y, -y - 47 = 3*r - 424. Suppose -5*t + 20 = -140. What is the remainder when r is divided by t?
29
Suppose -3*l = -3*n - 96, -2*l - 4*n - 6 + 64 = 0. Suppose 5*m - 21 = -2*a + 3, 5*a - m = 87. Calculate the remainder when l is divided by a.
14
Suppose 0 = -m + 11 + 28. Calculate the remainder when m is divided by 7.
4
Let h = -417 - -452. Calculate the remainder when 243 is divided by h.
33
Calculate the remainder when 689 is divided by ((-126)/5)/(2 - (-84)/(-35)).
59
What is the remainder when 4059/21 + 5 - 30/105 is divided by 3?
0
Let k = 966 - 518. What is the remainder when k is divided by 90?
88
Let p = -48 - -82. What is the remainder when p is divided by 8 - (0 + -7)/(-7)?
6
Let p(z) = z**3 - 7*z**2 + 6. Let o be p(7). Let m be 209/3 - (-2)/o. Calculate the remainder when (-4 + -1)/((-5)/m) is divided by 18.
16
Let k(f) = f**2 - 2*f + 1. Let q be k(3). Suppose -2*n = 3*u + 5 - 34, 12 = n + q*u. Let d = -28 - -75. Calculate the remainder when d is divided by n.
15
Suppose 153 = -24*k + 33*k. What is the remainder when 80 is divided by k?
12
Let r = 23 - 0. Let j = 18647 + -18556. What is the remainder when j is divided by r?
22
Let m be 1/2*0/2. Let u(w) = w**2 - 2*w + 10. Suppose -55 = -3*t - 1. Calculate the remainder when t is divided by u(m).
8
Let s = 461 + -443. What is the remainder when 297 is divided by s?
9
Let i be (2/(-5))/(9/(-45)). Suppose -40 = -f - i*x, -x - 8 = -f + 32. Calculate the remainder when f is divided by 11.
7
Let p(z) = -5*z**2 - 54*z - 8. Let x be p(-8). Let h = x + -101. Calculate the remainder when h is divided by 3.
0
Suppose 10*u - 7*u = 0. Suppose u*c - 8 = c. Let k(i) = -i**3 - 6*i**2 + 5*i - 11. Calculate the remainder when k(c) is divided by 20.
17
Suppose -2*h + 192 = 4*x, h = -0*h - 3*x + 99. Suppose 45 = 3*p - h. Suppose -y = -2 + 3, -2*y + 58 = 5*a. What is the remainder when p is divided by a?
9
Let z(j) = 30*j**3 + j**2 - 1. Let c be z(1). Suppose -8*h + 3*h = -c. What is the remainder when 23 is divided by h?
5
Let k(y) = -5*y**2 + 4*y + 19. Let d(m) = -m**2 - m + 1. Let v(h) = 4*d(h) - k(h). Calculate the remainder when 16 is divided by v(10).
1
Suppose -3*v + 54 = -45. Suppose -4*d - 8 = -6*d. Suppose 0 = d*i + 7*i - 132. What is the remainder when v is divided by i?
9
Let z(k) = 20*k - 334. Calculate the remainder when 415 is divided by z(18).
25
Let z(b) = 18*b + 23. What is the remainder when 32 is divided by z(-1)?
2
Suppose 188 + 34 = 3*n. What is the remainder when n is divided by 9 - 8 - (-17 - 1)?
17
Let q = -14 - -40. Let a = q + 1. Calculate the remainder when a is divided by 15.
12
Suppose 104*m = 109*m - 270. What is the remainder when 267 is divided by m?
51
Let i(t) = -11*t + 29. Let b be i(5). Suppose 4*a + 3*g + 144 = 0, -4*a = -6*a + 3*g - 72. Let x = b - a. What is the remainder when x is divided by 4?
2
Let g(s) = 2*s**2 - s**2 - 4*s + 4 + 2*s + 3*s. Let v be g(0). Suppose v*u + 11 = 175. Calculate the remainder when u is divided by 11.
8
Suppose 12 = 3*d - 2*r - 2*r, 2*d = r + 3. Suppose -3*b + 59 + 112 = d. What is the remainder when b is divided by 20?
17
Let u = 43 + 3. Suppose -2*a - 3*g = -14 - 7, 5*a + g = u. Calculate the remainder when 35 is divided by a.
8
Let i(d) = 4*d**2 + d - 7. Let a be i(3). Suppose a - 62 = -3*b. Calculate the remainder when 17 is divided by b.
7
Let u(i) = 4*i**2 + 6*i + 7. Let f = 44 - 31. What is the remainder when u(-3) is divided by f?
12
Let b = -211 - -230. Calculate the remainder when 92 is divided by b.
16
Let l = -1 - -6. Let b = 2078 - 2062. Calculate the remainder when b is divided by l.
1
Let k = -88 + 106. Suppose 3*v + 5*j = 259, 5 - 1 = -4*j. Calculate the remainder when v is divided by k.
16
Let s = -2828 + 2838. What is the remainder when 26 is divided by s?
6
Suppose 3*h = -5*g + 1033, -h + 3*h = 11*g - 2307. Calculate the remainder when g is divided by 10.
9
Let t(p) = 2*p - 4. Let f be t(4). Suppose f*b - 5*b + 38 = 0. What is the remainder when b is divided by 8?
6
What is the remainder when 127 is divided by 27/(-24) + 1 + 1445/40?
19
Suppose 2*a - 5*v = 569, -2*v - 10 = -4*v. Suppose -89 + a = -4*z. Let b = 78 + z. Calculate the remainder when b is divided by 9.
8
Let j = -318 + 336. Calculate the remainder when j is divided by 15.
3
Let c(u) = u**2 + u + 13. What is the remainder when c(5) is divided by 11?
10
Suppose -x + 2*u - 5 = -2*x, 2*x + 3*u = 12. Let q(z) = 3*z**3 - 79*z**2 + 25*z + 41. Calculate the remainder when q(26) is divided by x.
6
Let s(r) = -r - 2. Let y be s(-5). Suppose -61 = -4*h - 3*k + 74, 4*k = -y*h + 110. What is the remainder when h is divided by 12?
6
Let w be ((-2)/(-4))/((-3)/468). Let j = 159 + w. Suppose 5*b = j + 24. What is the remainder when b is divided by 12?
9
Suppose -u + 321 - 313 = 0. What is the remainder when 44 is divided by u?
4
Calculate the remainder when (3 - 1) + 1746/27*3 is divided by 40.
36
Suppose 5*r - 1 = -u + 7, -3*u - 4*r = 31. Let s = -2 + 8. Calculate the remainder when 3 - (14/119 + 291/u) is divided by s.
2
Suppose -4*t + k = -11, 0*k + 2 = 2*k. Suppose -m = t*m - 2*l + 4, -3*m + 2 = l. Suppose 4*p - 152 = -m*p. Calculate the remainder when p is divided by 13.
12
Suppose 46 + 14 = 3*b. Calculate the remainder when 76 is divided by b.
16
Suppose 4 = 4*m - 8. Let p(z) = z**2 + 3*z - 8. Let g be p(3). Suppose -3*j - 4*f = -3 - g, 3*f = j. What is the remainder when m is divided by j?
0
Let w(x) = -x**3 - 3*x**2 + 29*x + 38. Calculate the remainder when 111 is divided by w(-7).
18
Suppose 2*o = 7*o - 145. Suppose t - 3*t = 0. Suppose t = -g + 6 + 4. What is the remainder when o is divided by g?
9
Let s be 0/((-16)/(-4)) - 0. Suppose 5*q + 0*q + 125 = s. Let k = q - -41. What is the remainder when 60 is divided by k?
12
Let w(j) = 2*j**2 - 8*j - 7. Let f be w(-5). Let i = f + -67. What is the remainder when 45 is divided by i?
13
Let m be (1 + (-4 - -2))*-3. Suppose -2*w + m*c - 58 + 187 = 0, 131 = 2*w - c. What is the remainder when w is divided by 14?
10
Suppose 236 = -2*o - 5*y - 15, -490 = 4*o - 2*y. Suppose -l - 2*c = -19, -59 = -4*l - 3*c - 3. What is the remainder when (o/12)/((-2)/8) is divided by l?
8
Suppose 1 - 3 = -m. Suppose -7*x + m*x - n + 40 = 0, 5*n + 7 = -2*x. Suppose -v - 1 = p - 5, 3*p - x = 0. Calculate the rem